 71 = -28*r + 29*r, 2*r - 56 = -3*h. Calculate t(h).
-7
Let d(f) = -f**3 - 9*f**2 - 2*f + 1. Let c(p) = 9*p**3 + 72*p**2 + 17*p - 9. Let m(s) = 2*c(s) + 17*d(s). Give m(9).
-1
Let u(r) = r**2 - 2*r - 7. Let b(y) = 10*y**2 - 5*y - 114. Let a(p) = b(p) - 11*u(p). Give a(16).
-21
Let h(t) = -t**2 + 41*t - 113. Suppose 61*k - 18 - 84 = 27*k. Calculate h(k).
1
Let r = 2370 - 2380. Let j(t) = -2*t**2 - 18*t + 13. Calculate j(r).
-7
Let v be (-3)/(-18) - (-514)/12. Let c = v - 1. Let o = c - 46. Let x(y) = -y**2 - 3*y + 1. What is x(o)?
-3
Let r be -21 - -24 - (-6 + 6). Let h(c) be the second derivative of -c**4/12 + c**3/6 + 5*c**2/2 - 4*c. Determine h(r).
-1
Let w(v) = -v**2 + 10*v - 3. Let b = 769 + -760. What is w(b)?
6
Let p be 33/(-7) - (-4)/(-14). Let b(d) = 6*d - 2. Let n(t) be the second derivative of 7*t**3/6 - t**2 - 14*t. Let l(k) = 6*b(k) - 5*n(k). What is l(p)?
-7
Let k(v) = -v**2 - 17*v - 2. Let s(m) = -2*m**2 - 34*m - 6. Let d(z) = 5*k(z) - 2*s(z). Determine d(-10).
72
Let q(s) = 3*s**2 - 1. Let v be q(-1). Suppose t = 4*b - 16, -6*t + 11*t - 5 = 3*b. Let a(j) = -8*j**3 + 23*j**3 + t*j**3 - j**2 + v*j - 1. Calculate a(1).
19
Let k be 304/(-20)*(-3 + (-3)/(-6)). Suppose -287 = -k*z - 21. Let v(g) = g**2 - 10*g + 12. Determine v(z).
-9
Let s(t) = 7*t**2 - 46*t - 13. Let b be s(7). Suppose -6 = 2*z, -2*g - 24 = 2*z - b. Let l(q) = -q**2 + 2*q + 5. Give l(g).
-30
Let l(f) = -f + 13. Let d be l(11). Let h(c) = 0*c - 4*c**d + 4*c**3 - 7 - 5*c**3 + 3 - 2*c. Let m be h(-3). Let w(r) = r**3 + 6*r**2 - 6*r + 9. What is w(m)?
2
Let g(o) = 2*o**3 + o**2 + 2*o + 3. Suppose 0 = 6*f - 119 + 41. Suppose f = -3*d + 7. Give g(d).
-13
Let p(z) = -z**3 + 7*z**2 - 5*z - 7. Let h = 1614 + -1607. What is p(h)?
-42
Let u(l) = -l**3 - 9*l**2 - 14*l - 11. Let q = -2784 + 2776. Determine u(q).
37
Let m(i) = -i - 3. Let o(x) = x + 29. Let l(j) = -1. Let b(y) = -5*l(y) + o(y). Let s be b(0). Let h be 5 - s/8 - (-6)/(-8). What is m(h)?
-3
Let f(z) = 12*z - 13. Let v(h) = -11*h + 11. Suppose 2*l + 3 = -7. Let p(s) = l*v(s) - 4*f(s). Suppose -6*c + c + 10 = 0. What is p(c)?
11
Suppose 1173*r = 1193*r - 200. Let q(a) = -2*a**2 + 10*a + 33. What is q(r)?
-67
Let w(k) be the first derivative of k**4/4 + k**3 - 2*k**2 - 3*k - 13. Let p be w(-4). Let s(n) = -2 - 474*n + 946*n - 474*n. Calculate s(p).
4
Suppose 300 = 16*k - 21*k. Let h = -55 - k. Let f(j) = 0 - h + 6 + 3*j. Determine f(6).
19
Let z(t) be the first derivative of -9*t + 9*t**2 + 2/3*t**3 - 5. Calculate z(-9).
-9
Let l = 157 - 156. Let c(j) be the third derivative of 29*j**6/120 + j**3/6 - 64*j**2. Calculate c(l).
30
Let i = 255 - 187. Suppose 17*d + 0 = -i. Let c(g) = -g**2 - 7*g - 5. Give c(d).
7
Let s be 0 + 2 + 8 + -17. Let k(u) = 10*u**2 + 11*u - 15. Let t(g) = 3*g**2 + 4*g - 5. Let v(f) = s*t(f) + 2*k(f). Determine v(-7).
-2
Let n(p) be the third derivative of -5*p**4/6 - 5*p**3/2 - 5*p**2 + 191. Determine n(2).
-55
Let a = -15 + 14. Let g(p) = -p + 1. Let t(z) = 14*z + 2. Let y(f) = 2*g(f) + t(f). Let s be y(a). Let r(m) = -m - 10. Give r(s).
-2
Let s(l) be the first derivative of -l**5/120 + 3*l**4/8 - 2*l**3/3 - 31*l**2 + 145. Let w(y) be the third derivative of s(y). What is w(0)?
9
Let q be (-2)/(-8) - (-30)/8. Suppose -329*y = -341*y + 24. Let v(g) = -g**3 + 2*g**2 + 2 - q*g**2 + 6*g**y - 5*g - g**2. Determine v(3).
-13
Let k(a) = -97*a**2 - a + 3. Let i(t) = 32*t**2 + t - 3. Let h(q) = 3*i(q) + k(q). Let j = 4 - -1. What is h(j)?
-21
Let r(k) = -4*k**2 + 3*k + 2. Let g(s) = -9*s - 16. Let c be -3 - (3 - ((-96)/(-4))/6). Let a be g(c). Give r(a).
-8
Suppose -4*p + 17 = m, -3*p + 179 = m + 166. Let k(u) = -48*u - 5. Let f(g) = -16*g - 2. Let j(o) = 8*f(o) - 3*k(o). Determine j(m).
15
Let b = 147 - 145. Let a(t) = 4*t + 0 - 1 - b + 6*t. Suppose 2*l + 13 - 19 = 0. Determine a(l).
27
Suppose 17*r = 12*r + 4*k - 36, 3*r + 28 = 4*k. Let n(j) = 4*j**2 + 9*j - 25. Let o(x) = 3*x**2 + 7*x - 26. Let a(m) = r*n(m) + 5*o(m). Give a(0).
-30
Let x(u) = u**3 - 47*u**2 - 47*u - 51. Suppose -37*n + 3499 = 29*n + 331. Calculate x(n).
-3
Let m(b) = -2*b**3 + 12*b**2 + 2*b - 7. Suppose -296 = 285*o - 827 - 1179. Give m(o).
5
Let k(z) = -2*z**3 - 9*z**2 - z + 3. Let o = -4082 + 4078. Determine k(o).
-9
Let v(q) be the first derivative of q**4/4 - q**3 + q**2 + q - 4724. Let y be (-1)/(-3) + 5/3. Suppose 8 - y = 2*s. Calculate v(s).
7
Let s be 2921/(-762) + 7/(-6). Let l(o) = -2*o**2 - 2*o - 2. What is l(s)?
-42
Let r(y) = -y + 1. Suppose 5 - 3 = f + 3*n, -3*n + 12 = 0. Let z be (-4 - -34)/f*(-2)/(-3). Determine r(z).
3
Let n = -4818 - -4817. Let a(r) = -15*r**3 + 3*r**2 + 2*r - 1. Determine a(n).
15
Let i = -4 - -2. Let l(a) be the first derivative of 7*a**3/3 + a**2/2 - a - 81814. Determine l(i).
25
Let n(m) = -2*m + 31. Let r = 175 - 199. Let w be 3/(-8) + 0 + (-417)/r. Give n(w).
-3
Let t(x) = -x**2 - 19*x + 124. Suppose 2*n - 16 = r, -4506*n + 4503*n + 12 = -r. Calculate t(r).
4
Let l(j) be the second derivative of -3*j**5/20 + 7*j**4/6 - 7*j**3/6 + j**2 + 18*j - 2. What is l(5)?
-58
Let y(k) = -201*k**3 - 64*k**2 - 136*k - 14. Let p(t) = -115*t**3 - 32*t**2 - 68*t - 7. Let w(b) = -7*p(b) + 4*y(b). What is w(34)?
-7
Let q = -8 - -3. Let f(j) be the first derivative of j**3/3 + 5*j**2/2 + 7*j - 35018. Calculate f(q).
7
Suppose -b = -3*y, 67 = 3*y + 55. Suppose 5*p + 2*s = -3*s, 4*s - b = -p. Let j(z) be the second derivative of z**3/6 + 3*z**2/2 - z. Calculate j(p).
-1
Let x(r) = r**2 + 2*r + 2. Suppose 0*q - 5*q + 1875 = 0. Suppose 376*c - q*c + 5 = 0. Determine x(c).
17
Let t(l) be the third derivative of 1/3*l**3 + 0 + 1/15*l**5 + 1/12*l**4 - 2*l**2 + 0*l. Let y = 180111 - 180113. What is t(y)?
14
Let q be (4/3)/(1/6). Suppose -4*c + 13 = 5*p, -5*c - 7 = q. Let r(g) = -g**2 + 8*g - 11. Calculate r(p).
4
Let p(y) = y + 13. Let h = -11929 - -11927. Give p(h).
11
Let t(j) be the first derivative of -j**3/3 + j**2 + 6*j + 3571. Calculate t(3).
3
Let p(o) = -14 + 833*o - o**2 + 830*o - 1673*o. Give p(-9).
-5
Let t(j) = -5*j + 14. Let r be t(3). Let b be r*(6 - (-5 - -10)). Let g(p) be the first derivative of -p**4/4 - p - 3. Determine g(b).
0
Let f be (-1 - -11) + 112/(-7). Let p(r) = -r**3 - 3*r**2 + r**3 - 8 - 2*r**2 - r**3. Calculate p(f).
28
Let j(w) be the third derivative of 0*w + 0 + 1/4*w**4 - 177*w**2 - 4/3*w**3. What is j(6)?
28
Suppose w = -9*s + 6*s + 746, -3*s - 5*w = -754. Let i be -7 + s/32 + (-6)/8. Let q(b) = -b - 5. Calculate q(i).
-5
Let v(w) be the first derivative of w**4/2 + 2*w**3/3 + w**2/2 - 3*w + 1212. Calculate v(-3).
-42
Let y(t) be the first derivative of -9*t**2/2 - 4*t + 10982. Let v be (-9)/15 + (-23)/(-5). Suppose 0 = j - 1 + v. Calculate y(j).
23
Let u(c) = -c**3 + 9*c**2 - 14*c + 135. Suppose q = -2*s + 1, -27*s + 22*s + 7 = 3*q. Determine u(q).
9
Let t(p) = -16*p + 4. Let g(h) = 1. Let d(w) = -2*g(w) - t(w). What is d(7)?
106
Let g(h) = 342*h - 340*h + 1 - 17 - 4 + 2. What is g(18)?
18
Let x(s) = 2*s**2 - 4*s - 5. Let i = -276 + 275. Let f be x(i). Let j(n) = 3*n**3 - n + 1. Determine j(f).
3
Let x(l) = -3*l**2 - 6*l**2 - 8*l**2 + 18*l**2 + 3*l - 29. Calculate x(-7).
-1
Let r(i) = i**2 + i - 5. Let t(n) be the third derivative of -n**5/30 - 13*n**4/24 + 6*n**3 + 211*n**2. Let z(l) = 6*r(l) + t(l). Give z(4).
42
Suppose -7*a = -2*x + 12 + 7, -4*a = -x + 11. Let g(j) = 2*j**3 + 8*j**2 + 2*j - 5. Calculate g(a).
7
Let q(d) = d**3 - 18*d**2 + 28*d + 31. Let m be (-11 - (-475)/57)/(44/24 + -2). Calculate q(m).
-33
Let g(o) be the first derivative of 5*o**2/2 - 24*o + 4236. Give g(17).
61
Let l = -941 - -562. Let z = l + 376. Let v(t) = 2*t. What is v(z)?
-6
Let k(r) be the second derivative of r**5/20 + r**4/2 + r**3 - r**2 + 225*r. Calculate k(-5).
-7
Let o(n) be the third derivative of -n**6/60 - 43*n**5/60 + 5*n**4/6 - 17*n**3/2 - 10767*n**2. Calculate o(-22).
-7
Suppose -5*l - 391 = -3*b, 4*b - 160 = 2*l + b. Let k be 3*((-575)/(-21) - (-22)/77). Let f = l + k. Let n(t) = -t**2 + 4*t + 1. Give n(f).
-11
Let w(r) = -29*r - 39*r + 18*r + 37*r - 196. What is w(-15)?
-1
Let c(k) = -k**2 - 11*k + 3. Suppose -342*z + 44 = -346*z. Let o be c(z). Let f(b) = -14*b - 1. Determine f(o).
-43
Let p = -475 + 487. Let q(v) = -7*v**3 + 16*v**2 - 19*v + 6. Let w(l) = -3*l**3 + 9*l**2 - 10*l + 